{"id":1127,"date":"2020-10-23T16:36:16","date_gmt":"2020-10-23T21:36:16","guid":{"rendered":"http:\/\/egsuministrosquimicos.com\/?page_id=1127"},"modified":"2021-03-01T00:12:34","modified_gmt":"2021-03-01T05:12:34","slug":"suavizantes","status":"publish","type":"page","link":"http:\/\/egsuministrosquimicos.com\/index.php\/suavizantes\/","title":{"rendered":"Suavizantes en Escamas"},"content":{"rendered":"\t\t<div data-elementor-type=\"wp-post\" data-elementor-id=\"1127\" class=\"elementor elementor-1127\" data-elementor-settings=\"[]\">\n\t\t\t\t\t\t<div class=\"elementor-inner\">\n\t\t\t\t\t\t\t<div class=\"elementor-section-wrap\">\n\t\t\t\t\t\t\t<section class=\"elementor-section elementor-top-section elementor-element elementor-element-ec83151 elementor-section-boxed elementor-section-height-default elementor-section-height-default\" data-id=\"ec83151\" data-element_type=\"section\">\n\t\t\t\t\t\t<div class=\"elementor-container elementor-column-gap-default\">\n\t\t\t\t\t\t\t<div class=\"elementor-row\">\n\t\t\t\t\t<div class=\"elementor-column elementor-col-100 elementor-top-column elementor-element elementor-element-3acd686\" data-id=\"3acd686\" data-element_type=\"column\">\n\t\t\t<div class=\"elementor-column-wrap elementor-element-populated\">\n\t\t\t\t\t\t\t<div class=\"elementor-widget-wrap\">\n\t\t\t\t\t\t<section class=\"elementor-section elementor-inner-section elementor-element elementor-element-edd3821 elementor-section-boxed elementor-section-height-default elementor-section-height-default\" data-id=\"edd3821\" data-element_type=\"section\">\n\t\t\t\t\t\t<div class=\"elementor-container elementor-column-gap-default\">\n\t\t\t\t\t\t\t<div class=\"elementor-row\">\n\t\t\t\t\t<div class=\"elementor-column elementor-col-16 elementor-inner-column elementor-element elementor-element-3214206\" data-id=\"3214206\" data-element_type=\"column\">\n\t\t\t<div class=\"elementor-column-wrap\">\n\t\t\t\t\t\t\t<div class=\"elementor-widget-wrap\">\n\t\t\t\t\t\t\t\t<\/div>\n\t\t\t\t\t<\/div>\n\t\t<\/div>\n\t\t\t\t<div class=\"elementor-column elementor-col-66 elementor-inner-column elementor-element elementor-element-f23a6ba\" data-id=\"f23a6ba\" data-element_type=\"column\">\n\t\t\t<div class=\"elementor-column-wrap elementor-element-populated\">\n\t\t\t\t\t\t\t<div class=\"elementor-widget-wrap\">\n\t\t\t\t\t\t<div class=\"elementor-element elementor-element-08d00c9 elementor-widget elementor-widget-heading\" data-id=\"08d00c9\" data-element_type=\"widget\" data-widget_type=\"heading.default\">\n\t\t\t\t<div class=\"elementor-widget-container\">\n\t\t\t<h2 class=\"elementor-heading-title elementor-size-default\"><span style=\"color:#f10909;\">SUAVIZANTES EN ESCAMAS<\/span> <\/h2>\t\t<\/div>\n\t\t\t\t<\/div>\n\t\t\t\t\t\t<\/div>\n\t\t\t\t\t<\/div>\n\t\t<\/div>\n\t\t\t\t<div class=\"elementor-column elementor-col-16 elementor-inner-column elementor-element elementor-element-7005b15\" data-id=\"7005b15\" data-element_type=\"column\">\n\t\t\t<div class=\"elementor-column-wrap\">\n\t\t\t\t\t\t\t<div class=\"elementor-widget-wrap\">\n\t\t\t\t\t\t\t\t<\/div>\n\t\t\t\t\t<\/div>\n\t\t<\/div>\n\t\t\t\t\t\t\t\t<\/div>\n\t\t\t\t\t<\/div>\n\t\t<\/section>\n\t\t\t\t\t\t<\/div>\n\t\t\t\t\t<\/div>\n\t\t<\/div>\n\t\t\t\t\t\t\t\t<\/div>\n\t\t\t\t\t<\/div>\n\t\t<\/section>\n\t\t\t\t<section class=\"elementor-section elementor-top-section elementor-element elementor-element-734bf16 elementor-section-boxed elementor-section-height-default elementor-section-height-default\" data-id=\"734bf16\" data-element_type=\"section\">\n\t\t\t\t\t\t<div class=\"elementor-container elementor-column-gap-default\">\n\t\t\t\t\t\t\t<div class=\"elementor-row\">\n\t\t\t\t\t<div class=\"elementor-column elementor-col-100 elementor-top-column elementor-element elementor-element-1ac9fc9\" data-id=\"1ac9fc9\" data-element_type=\"column\">\n\t\t\t<div class=\"elementor-column-wrap elementor-element-populated\">\n\t\t\t\t\t\t\t<div class=\"elementor-widget-wrap\">\n\t\t\t\t\t\t<div class=\"elementor-element elementor-element-195690e elementor-widget elementor-widget-text-editor\" data-id=\"195690e\" data-element_type=\"widget\" data-widget_type=\"text-editor.default\">\n\t\t\t\t<div class=\"elementor-widget-container\">\n\t\t\t\t\t<div class=\"elementor-text-editor elementor-clearfix\"><p>Son utilizados en la etapa final del proceso en donde se le confiere a la fibra un tacto suave y terso . un buen suavizado depende del material y de los productos utilizados.<\/p><\/div>\n\t\t\t\t<\/div>\n\t\t\t\t<\/div>\n\t\t\t\t<div class=\"elementor-element elementor-element-c01eddb elementor-widget elementor-widget-image\" data-id=\"c01eddb\" data-element_type=\"widget\" data-widget_type=\"image.default\">\n\t\t\t\t<div class=\"elementor-widget-container\">\n\t\t\t\t\t<div class=\"elementor-image\">\n\t\t\t\t\t\t\t\t\t\t<img width=\"812\" height=\"369\" src=\"http:\/\/egsuministrosquimicos.com\/wp-content\/uploads\/2020\/11\/Escamas_EG_Suministros_Quimicos_-1024x465.jpg\" class=\"attachment-large size-large\" alt=\"\" loading=\"lazy\" srcset=\"http:\/\/egsuministrosquimicos.com\/wp-content\/uploads\/2020\/11\/Escamas_EG_Suministros_Quimicos_-1024x465.jpg 1024w, http:\/\/egsuministrosquimicos.com\/wp-content\/uploads\/2020\/11\/Escamas_EG_Suministros_Quimicos_-300x136.jpg 300w, http:\/\/egsuministrosquimicos.com\/wp-content\/uploads\/2020\/11\/Escamas_EG_Suministros_Quimicos_-768x349.jpg 768w, http:\/\/egsuministrosquimicos.com\/wp-content\/uploads\/2020\/11\/Escamas_EG_Suministros_Quimicos_-1536x698.jpg 1536w, http:\/\/egsuministrosquimicos.com\/wp-content\/uploads\/2020\/11\/Escamas_EG_Suministros_Quimicos_-2048x931.jpg 2048w\" sizes=\"(max-width: 812px) 100vw, 812px\" \/>\t\t\t\t\t\t\t\t\t\t\t<\/div>\n\t\t\t\t<\/div>\n\t\t\t\t<\/div>\n\t\t\t\t<div class=\"elementor-element elementor-element-446b663 elementor-widget elementor-widget-text-editor\" data-id=\"446b663\" data-element_type=\"widget\" data-widget_type=\"text-editor.default\">\n\t\t\t\t<div class=\"elementor-widget-container\">\n\t\t\t\t\t<div class=\"elementor-text-editor elementor-clearfix\"><\/div>\n\t\t\t\t<\/div>\n\t\t\t\t<\/div>\n\t\t\t\t<div class=\"elementor-element elementor-element-5f96b5b elementor-widget elementor-widget-heading\" data-id=\"5f96b5b\" data-element_type=\"widget\" data-widget_type=\"heading.default\">\n\t\t\t\t<div class=\"elementor-widget-container\">\n\t\t\t<h2 class=\"elementor-heading-title elementor-size-default\">SUAVIZANTES PSEUDO CATI\u00d3NICOS<\/h2>\t\t<\/div>\n\t\t\t\t<\/div>\n\t\t\t\t<div class=\"elementor-element elementor-element-287b3b3 elementor-widget elementor-widget-text-editor\" data-id=\"287b3b3\" data-element_type=\"widget\" data-widget_type=\"text-editor.default\">\n\t\t\t\t<div class=\"elementor-widget-container\">\n\t\t\t\t\t<div class=\"elementor-text-editor elementor-clearfix\"><p>Suavizante cati\u00f3nico proporciona tacto muy suave y lleno a las fibras textiles.Tambi\u00e9n brindan volumen, esponjosidad y otorgan propiedades antiest\u00e1ticas. Hacen que las prendas sean m\u00e1s f\u00e1ciles de planchar y ayudan a reducir la aparici\u00f3n de arrugas. Por \u00faltimo, pero no menos importante, los suavizantes aportan a la ropa una fragancia.<\/p><\/div>\n\t\t\t\t<\/div>\n\t\t\t\t<\/div>\n\t\t\t\t<div class=\"elementor-element elementor-element-c895c06 elementor-widget elementor-widget-heading\" data-id=\"c895c06\" data-element_type=\"widget\" data-widget_type=\"heading.default\">\n\t\t\t\t<div class=\"elementor-widget-container\">\n\t\t\t<h2 class=\"elementor-heading-title elementor-size-default\">SUAVIZANTES NO I\u00d3NICOS<\/h2>\t\t<\/div>\n\t\t\t\t<\/div>\n\t\t\t\t<div class=\"elementor-element elementor-element-a02c591 elementor-widget elementor-widget-text-editor\" data-id=\"a02c591\" data-element_type=\"widget\" data-widget_type=\"text-editor.default\">\n\t\t\t\t<div class=\"elementor-widget-container\">\n\t\t\t\t\t<div class=\"elementor-text-editor elementor-clearfix\"><p>Usado para el&nbsp; suavizado final en fibras celulosicas y sus mezclas con fibras sint\u00e9ticas<\/p><\/div>\n\t\t\t\t<\/div>\n\t\t\t\t<\/div>\n\t\t\t\t<div class=\"elementor-element elementor-element-70df279 elementor-widget elementor-widget-heading\" data-id=\"70df279\" data-element_type=\"widget\" data-widget_type=\"heading.default\">\n\t\t\t\t<div class=\"elementor-widget-container\">\n\t\t\t<h2 class=\"elementor-heading-title elementor-size-default\">SILICONAS<\/h2>\t\t<\/div>\n\t\t\t\t<\/div>\n\t\t\t\t<div class=\"elementor-element elementor-element-413d260 elementor-widget elementor-widget-text-editor\" data-id=\"413d260\" data-element_type=\"widget\" data-widget_type=\"text-editor.default\">\n\t\t\t\t<div class=\"elementor-widget-container\">\n\t\t\t\t\t<div class=\"elementor-text-editor elementor-clearfix\"><p>El uso de siliconas permite\u00a0 que la fibra sea hidr\u00f3fila y es muy eficaz en el acabado permanente de tejidos y g\u00e9neros de punto en fibras naturales y sint\u00e9ticas.<\/p><\/div>\n\t\t\t\t<\/div>\n\t\t\t\t<\/div>\n\t\t\t\t<div class=\"elementor-element elementor-element-ce51bc9 elementor-widget elementor-widget-spacer\" data-id=\"ce51bc9\" data-element_type=\"widget\" data-widget_type=\"spacer.default\">\n\t\t\t\t<div class=\"elementor-widget-container\">\n\t\t\t\t\t<div class=\"elementor-spacer\">\n\t\t\t<div class=\"elementor-spacer-inner\"><\/div>\n\t\t<\/div>\n\t\t\t\t<\/div>\n\t\t\t\t<\/div>\n\t\t\t\t\t\t<\/div>\n\t\t\t\t\t<\/div>\n\t\t<\/div>\n\t\t\t\t\t\t\t\t<\/div>\n\t\t\t\t\t<\/div>\n\t\t<\/section>\n\t\t\t\t<section class=\"elementor-section elementor-top-section elementor-element elementor-element-ffcd96c elementor-section-boxed elementor-section-height-default elementor-section-height-default\" data-id=\"ffcd96c\" data-element_type=\"section\">\n\t\t\t\t\t\t<div class=\"elementor-container elementor-column-gap-default\">\n\t\t\t\t\t\t\t<div class=\"elementor-row\">\n\t\t\t\t\t<div class=\"elementor-column elementor-col-100 elementor-top-column elementor-element elementor-element-1fa68ca\" data-id=\"1fa68ca\" data-element_type=\"column\">\n\t\t\t<div class=\"elementor-column-wrap elementor-element-populated\">\n\t\t\t\t\t\t\t<div class=\"elementor-widget-wrap\">\n\t\t\t\t\t\t<div class=\"elementor-element elementor-element-5f11737 elementor-widget elementor-widget-spacer\" data-id=\"5f11737\" data-element_type=\"widget\" data-widget_type=\"spacer.default\">\n\t\t\t\t<div class=\"elementor-widget-container\">\n\t\t\t\t\t<div class=\"elementor-spacer\">\n\t\t\t<div class=\"elementor-spacer-inner\"><\/div>\n\t\t<\/div>\n\t\t\t\t<\/div>\n\t\t\t\t<\/div>\n\t\t\t\t\t\t<\/div>\n\t\t\t\t\t<\/div>\n\t\t<\/div>\n\t\t\t\t\t\t\t\t<\/div>\n\t\t\t\t\t<\/div>\n\t\t<\/section>\n\t\t\t\t\t\t<\/div>\n\t\t\t\t\t\t<\/div>\n\t\t\t\t\t<\/div>\n\t\t","protected":false},"excerpt":{"rendered":"<p>SUAVIZANTES EN ESCAMAS Son utilizados en la etapa final del proceso en donde se le confiere a la fibra un tacto suave y terso . un buen suavizado depende del material y de los productos utilizados. SUAVIZANTES PSEUDO CATI\u00d3NICOS Suavizante cati\u00f3nico proporciona tacto muy suave y lleno a las fibras textiles.Tambi\u00e9n brindan volumen, esponjosidad y [&hellip;]<\/p>\n","protected":false},"author":1,"featured_media":0,"parent":0,"menu_order":0,"comment_status":"closed","ping_status":"closed","template":"page-templates\/pagebuilder.php","meta":[],"_links":{"self":[{"href":"http:\/\/egsuministrosquimicos.com\/index.php\/wp-json\/wp\/v2\/pages\/1127"}],"collection":[{"href":"http:\/\/egsuministrosquimicos.com\/index.php\/wp-json\/wp\/v2\/pages"}],"about":[{"href":"http:\/\/egsuministrosquimicos.com\/index.php\/wp-json\/wp\/v2\/types\/page"}],"author":[{"embeddable":true,"href":"http:\/\/egsuministrosquimicos.com\/index.php\/wp-json\/wp\/v2\/users\/1"}],"replies":[{"embeddable":true,"href":"http:\/\/egsuministrosquimicos.com\/index.php\/wp-json\/wp\/v2\/comments?post=1127"}],"version-history":[{"count":39,"href":"http:\/\/egsuministrosquimicos.com\/index.php\/wp-json\/wp\/v2\/pages\/1127\/revisions"}],"predecessor-version":[{"id":1842,"href":"http:\/\/egsuministrosquimicos.com\/index.php\/wp-json\/wp\/v2\/pages\/1127\/revisions\/1842"}],"wp:attachment":[{"href":"http:\/\/egsuministrosquimicos.com\/index.php\/wp-json\/wp\/v2\/media?parent=1127"}],"curies":[{"name":"wp","href":"https:\/\/api.w.org\/{rel}","templated":true}]}}